s b(13)?
86
Let c(h) = -14*h**2 - 25*h + 7. Determine c(-3).
-44
Let u(h) = h**2 + 13875*h + 41616. Calculate u(-3).
0
Let m(s) = 20*s + 198. What is m(-10)?
-2
Let l(w) = -w**2 - 82*w - 1129. Give l(-17).
-24
Let b(s) = s**3 - 83*s**2 + 789*s + 204. Give b(72).
-12
Let x(o) = 3*o**3 + 20*o**2 - 307*o - 1914. Calculate x(-6).
0
Let z(y) = -107*y + 6014. Determine z(56).
22
Let q(x) = 3*x**2 + 7*x - 1321. Give q(20).
19
Let o(n) = n**3 - 10*n**2 + 14*n + 6. What is o(8)?
-10
Let z(f) = 6*f**2 + 408*f - 200. What is z(-68)?
-200
Let v(q) = -63*q - 348. What is v(10)?
-978
Let p(f) = 9*f**2 - 35*f - 104. Determine p(-3).
82
Let f(h) = h**2 + 3*h - 759. Give f(27).
51
Let h(u) = u**3 - 33*u**2 + 68*u + 2. What is h(2)?
14
Let r(q) = -3*q**3 + 263*q**2 - 1622*q + 158. Calculate r(81).
-4
Let u(v) = v**3 - 47*v**2 + 130*v + 66. What is u(44)?
-22
Let s(h) = 1207*h - 96549. Give s(80).
11
Let a(l) = l**3 - 96*l**2 + 199*l - 1032. Calculate a(94).
2
Let h(b) = b**3 - 7*b**2 - 139*b + 588. What is h(4)?
-16
Let r(i) = i**3 + 285*i**2 + 1107*i - 62. Determine r(-4).
6
Let r(g) = -2563*g + 207594. What is r(81)?
-9
Let u(o) = -4*o**3 + 75*o**2 - 58*o + 80. Calculate u(18).
8
Let o(f) = 2*f**3 + 26*f**2 - 34. Determine o(-13).
-34
Let k(u) = -u**3 + 2*u**2 - 9*u - 51. What is k(-3)?
21
Let n(u) = u**3 - 4*u**2 - 17*u + 96. Determine n(7).
124
Let x(z) = z**2 + 93*z - 4805. What is x(37)?
5
Let c(t) = -6*t**2 + 87*t - 125. Determine c(13).
-8
Let o(d) = -132*d - 2868. Determine o(-22).
36
Let c(r) = 3*r**2 - 101*r - 7531. Calculate c(-36).
-7
Let h(x) = -x**3 + 10*x**2 + 6*x + 46. What is h(11)?
-9
Let x(p) = 552*p + 2752. Determine x(-5).
-8
Let r(o) = -12*o + 31. Determine r(11).
-101
Let f(v) = 3*v - 285. What is f(-34)?
-387
Let i(h) = -33*h**3 - 13*h**2 + 5*h - 10. Determine i(-3).
749
Let g(l) = -15*l - 39. Calculate g(-8).
81
Let y(b) = b**2 + 114*b - 103. Calculate y(-115).
12
Let h(q) = q**3 + 12*q**2 + 21*q - 53. What is h(-10)?
-63
Let h(i) = -3*i**2 + 75*i - 17. Give h(24).
55
Let s(f) = 3*f**2 + 202*f + 1104. Determine s(-61).
-55
Let b(n) = n**3 - 17*n**2 + 55*n + 10. Determine b(10).
-140
Let z(r) = 4*r**2 + 97*r - 1030. Calculate z(8).
2
Let n(c) = c**3 + 48*c**2 + 491*c - 107. Determine n(-33).
25
Let i(j) = 75*j + 2934. Determine i(-39).
9
Let l(w) = -6*w**2 + 17*w - 109. What is l(8)?
-357
Let m(o) = -o**3 + 18*o**2 - 13*o - 92. What is m(17)?
-24
Let f(t) = -6*t**2 + 15*t + 24. Calculate f(-2).
-30
Let g(j) = 94*j + 581. Determine g(-6).
17
Let z(u) = u**2 + 28*u - 31. What is z(-23)?
-146
Let g(v) = v**2 + 47*v + 273. Calculate g(-6).
27
Let k(t) = -57*t + 427. Give k(2).
313
Let k(x) = -447*x - 1754. Give k(-4).
34
Let s(f) = 46*f + 470. What is s(-9)?
56
Let j(n) = 8495*n - 50982. What is j(6)?
-12
Let g(b) = b**2 + 979*b + 32142. What is g(-34)?
12
Let l(y) = -700*y + 4213. Determine l(6).
13
Let w(a) = 15*a**3 + 88*a**2 - 10*a + 5. Calculate w(-6).
-7
Let r(g) = -g**3 - 19*g**2 + 68*g - 185. Calculate r(-22).
-229
Let p(g) = -21*g - 1903. Give p(-91).
8
Let g(x) = -29*x + 478. Give g(17).
-15
Let u(h) = -3*h**3 + 4*h**2 + 12*h - 22. Calculate u(4).
-102
Let k(w) = 18*w**2 + 369*w - 1119. What is k(3)?
150
Let k(p) = -p**3 - 202*p**2 - 793*p - 130. Determine k(-198).
68
Let g(s) = 3*s**2 + 67*s + 360. Give g(-14).
10
Let z(v) = -v**3 - 22*v**2 - 111*v - 2. What is z(-16)?
238
Let u(x) = 5*x**2 - 9*x - 20. Calculate u(-3).
52
Let r(j) = 2*j**3 - 15*j**2 + 20*j - 70. Calculate r(7).
21
Let j(q) = -1293*q + 2595. Calculate j(2).
9
Let m(p) = p**3 - 103*p**2 + 100*p + 253. What is m(102)?
49
Let z(q) = -49*q**2 - 786*q - 37. What is z(-16)?
-5
Let f(q) = 10*q**2 - 94*q + 52. Determine f(9).
16
Let g(w) = 377*w + 4546. Give g(-12).
22
Let q(w) = w**2 - 65*w - 6243. What is q(118)?
11
Let v(w) = 119*w - 788. What is v(4)?
-312
Let c(r) = -4*r**3 + 11*r - 14. Calculate c(2).
-24
Let l(t) = 3*t**3 + 4*t**2 - 50*t - 172. Calculate l(-4).
-100
Let k(u) = -u**3 + 30*u**2 + 55*u + 287. Give k(32).
-1
Let v(d) = 13*d - 47. Give v(-4).
-99
Let g(y) = 2*y**2 + 2*y - 768. Determine g(19).
-8
Let c(v) = 313*v + 30676. What is c(-98)?
2
Let d(q) = 3*q**3 - 52*q**2 + 63*q - 783. Give d(17).
-1
Let a(r) = r**3 + 86*r**2 - 259*r + 730. Give a(-89).
18
Let q(b) = b**3 + 24*b**2 - 670*b - 1210. What is q(-40)?
-10
Let j(h) = -2*h**2 + 1215*h + 7342. Determine j(-6).
-20
Let o(n) = -n**3 + 11*n**2 - 4*n - 24. Determine o(10).
36
Let a(g) = -g**2 - 14*g + 442. Give a(17).
-85
Let r(x) = x**3 + 51*x**2 - 3*x - 171. What is r(-51)?
-18
Let o(f) = -57*f - 5931. Calculate o(-104).
-3
Let n(t) = 291*t - 24151. Determine n(83).
2
Let z(l) = l**2 - 69*l - 45679. Give z(251).
3
Let w(a) = -2*a**3 - 303*a**2 - 175*a - 3612. Calculate w(-151).
12
Let x(o) = o**3 + 22*o**2 - 9*o + 324. Calculate x(-23).
2
Let j(c) = -244*c + 1948. Calculate j(8).
-4
Let l(i) = i**3 - 7*i**2 - 95*i + 731. What is l(9)?
38
Let b(u) = -u**3 + 7*u**2 + 2*u + 59. Determine b(8).
11
Let l(g) = -g**2 - 452*g - 3535. Calculate l(-8).
17
Let q(r) = -2*r**3 + 18*r**2 + 48*r - 35. What is q(11)?
9
Let g(n) = 2*n**2 + 119*n + 93. Give g(-59).
34
Let h(r) = -261*r + 1975. Determine h(8).
-113
Let c(g) = 10*g**2 - 154*g + 185. Determine c(14).
-11
Let i(c) = -3*c**2 - 42*c - 122. Determine i(-10).
-2
Let l(q) = -556*q - 13355. Determine l(-24).
-11
Let o(k) = 42*k + 281. Give o(-4).
113
Let v(o) = -o**3 + 93*o**2 + 497*o - 758. Determine v(98).
-72
Let x(j) = -2*j**2 + 6*j - 21. Give x(2).
-17
Let x(r) = 26*r + 2438. What is x(-105)?
-292
Let c(j) = 8*j - 447. What is c(55)?
-7
Let z(u) = 126*u - 868. Determine z(7).
14
Let f(o) = -o**3 - 3*o**2 + 35*o - 45. Calculate f(3).
6
Let u(d) = -21*d + 1506. Calculate u(73).
-27
Let l(g) = g**3 - 15*g**2 - 11*g + 26. Give l(16).
106
Let z(q) = -50*q**2 - 648*q + 40. What is z(-13)?
14
Let q(k) = 377*k - 4145. Give q(11).
2
Let w(h) = 10*h**3 - 33*h**2 + 3*h - 11. Calculate w(4).
113
Let f(g) = 24*g - 1592. What is f(25)?
-992
Let l(b) = 76*b**2 - 7598*b - 196. Give l(100).
4
Let o(s) = 16*s**2 + 688*s - 21. Calculate o(-43).
-21
Let x(k) = -2*k**2 - 21*k - 76. Give x(-4).
-24
Let m(a) = -a**3 + 4*a**2 + 12*a - 4. Give m(7).
-67
Let v(y) = 12*y - 245. What is v(6)?
-173
Let o(f) = -350*f - 1. Determine o(0).
-1
Let g(n) = -n**3 + 25*n**2 + 40*n + 369. Calculate g(27).
-9
Let k(r) = -17*r**2 + 68*r + 1. Determine k(2).
69
Let k(i) = 188*i + 172. Calculate k(-1).
-16
Let b(m) = -2*m**2 + 126*m - 239. Determine b(2).
5
Let a(r) = -83*r + 247. Calculate a(3).
-2
Let g(k) = -35*k + 39. Give g(9).
-276
Let l(m) = m**2 + 48*m - 1012. What is l(14)?
-144
Let a(o) = -68*o**2 - 213*o + 212. Calculate a(1).
-69
Let s(l) = -4*l - 43. What is s(8)?
-75
Let f(r) = r**3 + 19*r**2 + 4*r - 49. Give f(-20).
-529
Let q(g) = -2*g**2 - 30*g - 114. Determine q(-8).
-2
Let f(z) = 2*z**3 - 15*z**2 - 54*z + 20. Determine f(10).
-20
Let i(s) = -s**2 - 72*s + 1851. What is i(20)?
11
Let a(c) = 9*c**2 - 610*c + 463. Give a(67).
-6
Let x(n) = 33*n**2 + 109*n - 108. Calculate x(1).
34
Let r(k) = 1075*k**2 - 2151*k. Give r(2).
-2
Let a(v) = -27*v + 524. Determine a(14).
146
Let r(v) = -2*v**3 + 5*v**2 + 24*v + 23. What is r(7)?
-250
Let u(r) = -30*r**3 - 10*r**2 - 2*r + 1. Give u(-2).
205
Let a(x) = 163*x + 691. What is a(-5)?
-124
Let i(z) = -z**3 - 26*z**2 + 208*z + 4816. Calculate i(-27).
-71
Let p(j) = -j - 32. Give p(16).
-48
Let n(x) = -3*x**3 - 174*x**2 + 171*x + 2. What is n(1)?
-4
Let f(o) = 897*o + 39469. What is f(-44)?
1
Let n(l) = 19*l**3 + 4*l**2 + 154*l - 157. Give n(1).
20
Let k(n) = 43*n - 458. Give k(10).
-28
Let p(f) = 11*f**2 + 1035*f + 97. What is p(-94)?
3
Let z(w) = 42*w**3 - 2*w + 3. What is z(1)?
43
Let a(c) = 12*c + 773. Calculate a(-61).
41
Let k(o) = -18*o**2 + 526*o - 1080. Calculate k(27).
0
Let t(w) = -w**2 - 11*w + 66. Calculate t(-15).
6
Let y(c) = c**2 - 444*c - 31943. Determine y(-63).
-2
Let m(c) = 8*c - 18. Give m(3).
6
Let y(l) = 16*l - 34. Determine y(4).
30
Let r(f) = 9*f**2 - 22*f - 130. Determine r(-8).
622
Let s(y) = -y**3 - 15*y**2 + 14*y + 2. What is s(-16)?
34
Let j(l) = -l**3 - 80*l**2 + 73*l - 632. What is j(-81)?
16
Let o(g) = -g**3 - 162*g**2 - 1380*g - 22. What is o(-9)?
5
Let b(f) = -3*f**2 - 11*f - 17. What is b(-5)?
-37
Let d(f) 